{"id":1475,"date":"2020-06-19T13:38:57","date_gmt":"2020-06-19T11:38:57","guid":{"rendered":"http:\/\/ecf-formations.fr\/?page_id=1475"},"modified":"2021-06-30T15:50:18","modified_gmt":"2021-06-30T13:50:18","slug":"mentions-legales","status":"publish","type":"page","link":"https:\/\/ecf-formations.fr\/index.php\/mentions-legales\/","title":{"rendered":"MENTIONS L\u00c9GALES"},"content":{"rendered":"\t\t<div data-elementor-type=\"wp-page\" data-elementor-id=\"1475\" class=\"elementor elementor-1475\" data-elementor-post-type=\"page\">\n\t\t\t\t\t\t<section class=\"elementor-section elementor-top-section elementor-element elementor-element-388d2ab elementor-section-height-min-height elementor-section-boxed elementor-section-height-default elementor-section-items-middle\" data-id=\"388d2ab\" data-element_type=\"section\" data-e-type=\"section\" data-settings=\"{&quot;background_background&quot;:&quot;classic&quot;}\">\n\t\t\t\t\t\t<div class=\"elementor-container elementor-column-gap-default\">\n\t\t\t\t\t<div class=\"elementor-column elementor-col-100 elementor-top-column elementor-element elementor-element-9580a85\" data-id=\"9580a85\" data-element_type=\"column\" data-e-type=\"column\">\n\t\t\t<div class=\"elementor-widget-wrap elementor-element-populated\">\n\t\t\t\t\t\t\t<\/div>\n\t\t<\/div>\n\t\t\t\t\t<\/div>\n\t\t<\/section>\n\t\t\t\t<section class=\"elementor-section elementor-top-section elementor-element elementor-element-0cf75b1 elementor-section-boxed elementor-section-height-default elementor-section-height-default\" data-id=\"0cf75b1\" data-element_type=\"section\" data-e-type=\"section\">\n\t\t\t\t\t\t<div class=\"elementor-container elementor-column-gap-default\">\n\t\t\t\t\t<div class=\"elementor-column elementor-col-100 elementor-top-column elementor-element elementor-element-6de0198\" data-id=\"6de0198\" data-element_type=\"column\" data-e-type=\"column\">\n\t\t\t<div class=\"elementor-widget-wrap elementor-element-populated\">\n\t\t\t\t\t\t<div class=\"elementor-element elementor-element-aff5619 elementor-widget elementor-widget-text-editor\" data-id=\"aff5619\" data-element_type=\"widget\" data-e-type=\"widget\" data-widget_type=\"text-editor.default\">\n\t\t\t\t<div class=\"elementor-widget-container\">\n\t\t\t\t\t\t\t\t\t<p><strong>1. Identification<\/strong><br \/>Le site http:\/\/ecf-formations.fr\/ est \u00e9dit\u00e9 par la SARL ECF FORMATIONS, <br \/>\u2022 Le Directeur de la publication est Louis de La Rochefoucauld, Responsable de la Communication de la F\u00e9d\u00e9ration ECF.<br \/>\u2022 L\u2019h\u00e9bergement du site d\u2019ECF FORMATIONS est assur\u00e9 par la soci\u00e9t\u00e9 OVH : SAS au capital de 10 000 000 \u20ac &#8211; RCS Roubaix \u2013 Tourcoing 424 761 419 00045 2 rue Kellermann 59100 Roubaix &#8211; France.<\/p><p><strong>2. Donn\u00e9es \u00e0 caract\u00e8re personnel<\/strong><\/p><p><strong>2.1 Finalit\u00e9s des traitements<\/strong><br \/>Le site de la SARL ECF FORMATIONS met en \u0153uvre plusieurs traitements de donn\u00e9es \u00e0 caract\u00e8re personnel ayant pour finalit\u00e9 d\u2019assurer la communication et l\u2019\u00e9change d\u2019informations avec les internautes. Ces traitements permettent \u00e0 la SARL ECF FORMATIONS<br \/>\u2022 &#8211; d\u2019envoyer aux internautes des lettres de diffusion p\u00e9riodiques ;<br \/>\u2022 &#8211; de r\u00e9aliser des ventes de publications et de formations en ligne a ses adh\u00e9rents ; <br \/>\u2022 &#8211; de mesurer l\u2019audience du site.<\/p><p>\u2022 Les donn\u00e9es recueillies sur le site de la SARL ECF FORMATIONS proviennent de l\u2019enregistrement volontaire par les internautes d\u2019une adresse de courrier \u00e9lectronique.<\/p><p><strong>2.2 Destinataires des donn\u00e9es collect\u00e9es <\/strong><br \/>Les donn\u00e9es collect\u00e9es sur le formulaire de contact accessible depuis l\u2019espace public du site sont destin\u00e9es exclusivement aux personnes responsables du traitement de votre demande au sein de la SARL ECF FORMATIONS. <br \/>\u2022 Les donn\u00e9es \u00e0 caract\u00e8re personnel collect\u00e9es par la SARL ECF FORMATIONS par l\u2019interm\u00e9diaire de son site sont \u00e0 usage purement interne, et ne font l\u2019objet d\u2019aucune communication, cession ou divulgation \u00e0 des tiers.<\/p><p><strong>2.3 Dur\u00e9e de conservation des donn\u00e9es<\/strong><br \/>la SARL ECF FORMATIONS conserve les donn\u00e9es \u00e0 caract\u00e8re personnelles collect\u00e9es sur l\u2019ensemble des formulaires du site pendant une p\u00e9riode de 10 ans \u00e0 l\u2019exception toutefois des donn\u00e9es prospects qui ne peuvent \u00eatre conserv\u00e9es que pour la dur\u00e9e pendant laquelle elles sont n\u00e9cessaires \u00e0 la r\u00e9alisation des op\u00e9rations de prospection, c\u2019est-\u00e0-dire au maximum un an apr\u00e8s le dernier contact de leur part ou lorsqu&rsquo;ils n&rsquo;ont pas r\u00e9pondu \u00e0 deux sollicitations successives.<\/p><p><strong>2.4 Droit d\u2019acc\u00e8s, de modification et de suppression<\/strong><br \/>Vous disposez, conform\u00e9ment \u00e0 la loi n\u00b078-17 dite \u00ab Informatique et Libert\u00e9s \u00bb du 6 janvier 1978, d\u2019un droit d\u2019acc\u00e8s, de rectification, de modification, d\u2019opposition et de suppression sur les donn\u00e9es vous concernant.<br \/>\u2022 Vous pouvez exercer ce droit en nous contactant par l\u2019interm\u00e9diaire de notre formulaire de contact, ou en adressant un courrier \u00e0 : la SARL ECF FORMATIONS, 51 rue d\u2019Amsterdam 75008 PARIS.<\/p><p><strong>3. Cookies de navigation<\/strong><br \/>La SARL ECF FORMATIONS peut utiliser des cookies. <br \/>\u2022 Nous vous informons que vous pouvez vous opposer \u00e0 l&rsquo;enregistrement de cookies en configurant votre navigateur.<\/p><p><strong>4. Propri\u00e9t\u00e9 Intellectuelle<\/strong><br \/>La Charte graphique, les squelettes ou gabarits utilis\u00e9s sur le site de la SARL ECF FORMATIONS sont soumis \u00e0 la l\u00e9gislation en vigueur et prot\u00e9g\u00e9s par le droit d\u2019auteur, et demeurent la propri\u00e9t\u00e9 exclusive de la SARL ECF FORMATIONS.<br \/>\u2022 Les contenus du site sont soumis \u00e0 la l\u00e9gislation en vigueur sur les droits d\u2019auteur et sont la propri\u00e9t\u00e9 exclusive de la SARL ECF FORMATIONS. Toute reproduction et rediffusion de tout ou partie de ces contenus sont soumises \u00e0 l\u2019autorisation pr\u00e9alable, \u00e9crite et expresse de la SARL ECF FORMATIONS. Toute utilisation ou reproduction, m\u00eame partielle, d\u2019un des \u00e9l\u00e9ments du site \u00e0 l\u2019int\u00e9rieur d\u2019un site tiers par le biais de proc\u00e9d\u00e9s dits d\u2019inclusion, de cadres (frames), d\u2019inlining ou de tout autre proc\u00e9d\u00e9 de nature similaire sont formellement interdits.<\/p><p><strong>5. Liens Hypertextes<\/strong><br \/>Tous les liens vers la page d\u2019accueil ou l\u2019une des pages Internet du site peuvent \u00eatre librement \u00e9tablis d\u00e8s lors qu\u2019ils ne sont pas utilis\u00e9s \u00e0 des fins commerciales ou publicitaires, et sous r\u00e9serve qu\u2019une mention \u00e9voquant la SARL ECF FORMATIONS soit indiqu\u00e9e clairement sur le lien ou \u00e0 proximit\u00e9 de celui-ci. Cette autorisation ne s\u2019applique pas aux sites Internet diffusant des informations \u00e0 caract\u00e8re illicite, violent, pol\u00e9mique, pornographique, x\u00e9nophobe ou pouvant porter atteinte \u00e0 la sensibilit\u00e9 du plus grand nombre.<br \/>\u2022 Tous les liens directs ou profonds vers un document autre qu\u2019une page Internet, nonobstant leur forme ou leur contenu, sont interdits, sauf autorisation expresse des \u00e9diteurs du site portail.<\/p><p><strong>6. Responsabilit\u00e9<\/strong><br \/>la SARL ECF FORMATIONS ne saurait \u00eatre tenu pour responsable des erreurs ou omissions dans les informations diffus\u00e9es ou des probl\u00e8mes techniques rencontr\u00e9s sur le site et sur tous les autres sites vers lesquels des liens sont \u00e9tablis, ou de toute interpr\u00e9tation des informations publi\u00e9es sur ces sites, ainsi que des cons\u00e9quences de leur utilisation.<br \/>\u2022 Les contenus du site peuvent comporter des inexactitudes techniques, erreurs typographiques ou omissions, et peuvent \u00eatre modifi\u00e9s ou mis \u00e0 jour sans pr\u00e9avis.<\/p>\t\t\t\t\t\t\t\t<\/div>\n\t\t\t\t<\/div>\n\t\t\t\t\t<\/div>\n\t\t<\/div>\n\t\t\t\t\t<\/div>\n\t\t<\/section>\n\t\t\t\t<section class=\"elementor-section elementor-top-section elementor-element elementor-element-4ec46590 elementor-section-boxed elementor-section-height-default elementor-section-height-default\" data-id=\"4ec46590\" data-element_type=\"section\" data-e-type=\"section\" data-settings=\"{&quot;background_background&quot;:&quot;classic&quot;}\">\n\t\t\t\t\t\t<div class=\"elementor-container elementor-column-gap-default\">\n\t\t\t\t\t<div class=\"elementor-column elementor-col-25 elementor-top-column elementor-element elementor-element-385bab4c\" data-id=\"385bab4c\" data-element_type=\"column\" data-e-type=\"column\">\n\t\t\t<div class=\"elementor-widget-wrap elementor-element-populated\">\n\t\t\t\t\t\t<div class=\"elementor-element elementor-element-c0f8be9 elementor-widget elementor-widget-image\" data-id=\"c0f8be9\" data-element_type=\"widget\" data-e-type=\"widget\" data-widget_type=\"image.default\">\n\t\t\t\t<div class=\"elementor-widget-container\">\n\t\t\t\t\t\t\t\t\t\t\t\t\t\t\t<img decoding=\"async\" src=\"https:\/\/ecf-formations.fr\/wp-content\/uploads\/2020\/05\/logo-formations_blanc-2.png\" title=\"logo-formations_blanc-2\" alt=\"logo-formations_blanc-2\" loading=\"lazy\" \/>\t\t\t\t\t\t\t\t\t\t\t\t\t\t\t<\/div>\n\t\t\t\t<\/div>\n\t\t\t\t<div class=\"elementor-element elementor-element-36ca3930 elementor-tablet-align-start elementor-hidden-tablet elementor-icon-list--layout-traditional elementor-list-item-link-full_width elementor-widget elementor-widget-icon-list\" data-id=\"36ca3930\" data-element_type=\"widget\" data-e-type=\"widget\" data-widget_type=\"icon-list.default\">\n\t\t\t\t<div class=\"elementor-widget-container\">\n\t\t\t\t\t\t\t<ul class=\"elementor-icon-list-items\">\n\t\t\t\t\t\t\t<li class=\"elementor-icon-list-item\">\n\t\t\t\t\t\t\t\t\t\t\t<span class=\"elementor-icon-list-icon\">\n\t\t\t\t\t\t\t<i aria-hidden=\"true\" class=\"fas fa-phone\"><\/i>\t\t\t\t\t\t<\/span>\n\t\t\t\t\t\t\t\t\t\t<span class=\"elementor-icon-list-text\">01 47 42 55 74<\/span>\n\t\t\t\t\t\t\t\t\t<\/li>\n\t\t\t\t\t\t\t\t<li class=\"elementor-icon-list-item\">\n\t\t\t\t\t\t\t\t\t\t\t<span class=\"elementor-icon-list-icon\">\n\t\t\t\t\t\t\t<i aria-hidden=\"true\" class=\"fas fa-envelope\"><\/i>\t\t\t\t\t\t<\/span>\n\t\t\t\t\t\t\t\t\t\t<span class=\"elementor-icon-list-text\"> formations@e-c-f.fr<\/span>\n\t\t\t\t\t\t\t\t\t<\/li>\n\t\t\t\t\t\t\t\t<li class=\"elementor-icon-list-item\">\n\t\t\t\t\t\t\t\t\t\t\t<span class=\"elementor-icon-list-icon\">\n\t\t\t\t\t\t\t<i aria-hidden=\"true\" class=\"fas fa-map-marker-alt\"><\/i>\t\t\t\t\t\t<\/span>\n\t\t\t\t\t\t\t\t\t\t<span class=\"elementor-icon-list-text\">51, rue d'Amsterdam - Paris 75008<\/span>\n\t\t\t\t\t\t\t\t\t<\/li>\n\t\t\t\t\t\t<\/ul>\n\t\t\t\t\t\t<\/div>\n\t\t\t\t<\/div>\n\t\t\t\t\t<\/div>\n\t\t<\/div>\n\t\t\t\t<div class=\"elementor-column elementor-col-25 elementor-top-column elementor-element elementor-element-30118d53\" data-id=\"30118d53\" data-element_type=\"column\" data-e-type=\"column\">\n\t\t\t<div class=\"elementor-widget-wrap elementor-element-populated\">\n\t\t\t\t\t\t<div class=\"elementor-element elementor-element-5e5f5c01 elementor-widget elementor-widget-heading\" data-id=\"5e5f5c01\" data-element_type=\"widget\" data-e-type=\"widget\" data-widget_type=\"heading.default\">\n\t\t\t\t<div class=\"elementor-widget-container\">\n\t\t\t\t\t<h4 class=\"elementor-heading-title elementor-size-default\">FORMATIONS<\/h4>\t\t\t\t<\/div>\n\t\t\t\t<\/div>\n\t\t\t\t<div class=\"elementor-element elementor-element-79e79aff elementor-icon-list--layout-traditional elementor-list-item-link-full_width elementor-widget elementor-widget-icon-list\" data-id=\"79e79aff\" data-element_type=\"widget\" data-e-type=\"widget\" data-widget_type=\"icon-list.default\">\n\t\t\t\t<div class=\"elementor-widget-container\">\n\t\t\t\t\t\t\t<ul class=\"elementor-icon-list-items\">\n\t\t\t\t\t\t\t<li class=\"elementor-icon-list-item\">\n\t\t\t\t\t\t\t\t\t\t\t<a href=\"http:\/\/ecf-formations.fr\/index.php\/accueil\/formations\/toutes-les-formations\/\">\n\n\t\t\t\t\t\t\t\t\t\t\t<span class=\"elementor-icon-list-text\">Toutes les formations<\/span>\n\t\t\t\t\t\t\t\t\t\t\t<\/a>\n\t\t\t\t\t\t\t\t\t<\/li>\n\t\t\t\t\t\t<\/ul>\n\t\t\t\t\t\t<\/div>\n\t\t\t\t<\/div>\n\t\t\t\t\t<\/div>\n\t\t<\/div>\n\t\t\t\t<div class=\"elementor-column elementor-col-25 elementor-top-column elementor-element elementor-element-29476d43\" data-id=\"29476d43\" data-element_type=\"column\" data-e-type=\"column\">\n\t\t\t<div class=\"elementor-widget-wrap elementor-element-populated\">\n\t\t\t\t\t\t<div class=\"elementor-element elementor-element-215401b9 elementor-widget elementor-widget-heading\" data-id=\"215401b9\" data-element_type=\"widget\" data-e-type=\"widget\" data-widget_type=\"heading.default\">\n\t\t\t\t<div class=\"elementor-widget-container\">\n\t\t\t\t\t<h4 class=\"elementor-heading-title elementor-size-default\">TARIFICATIONS<\/h4>\t\t\t\t<\/div>\n\t\t\t\t<\/div>\n\t\t\t\t<div class=\"elementor-element elementor-element-36c5b376 elementor-icon-list--layout-traditional elementor-list-item-link-full_width elementor-widget elementor-widget-icon-list\" data-id=\"36c5b376\" data-element_type=\"widget\" data-e-type=\"widget\" data-widget_type=\"icon-list.default\">\n\t\t\t\t<div class=\"elementor-widget-container\">\n\t\t\t\t\t\t\t<ul class=\"elementor-icon-list-items\">\n\t\t\t\t\t\t\t<li class=\"elementor-icon-list-item\">\n\t\t\t\t\t\t\t\t\t\t\t<a href=\"http:\/\/ecf-formations.fr\/index.php\/accueil\/adhesion\/\">\n\n\t\t\t\t\t\t\t\t\t\t\t<span class=\"elementor-icon-list-text\">Adh\u00e9sions<\/span>\n\t\t\t\t\t\t\t\t\t\t\t<\/a>\n\t\t\t\t\t\t\t\t\t<\/li>\n\t\t\t\t\t\t<\/ul>\n\t\t\t\t\t\t<\/div>\n\t\t\t\t<\/div>\n\t\t\t\t\t<\/div>\n\t\t<\/div>\n\t\t\t\t<div class=\"elementor-column elementor-col-25 elementor-top-column elementor-element elementor-element-64312140\" data-id=\"64312140\" data-element_type=\"column\" data-e-type=\"column\">\n\t\t\t<div class=\"elementor-widget-wrap elementor-element-populated\">\n\t\t\t\t\t\t<div class=\"elementor-element elementor-element-37fb7c4a elementor-widget elementor-widget-heading\" data-id=\"37fb7c4a\" data-element_type=\"widget\" data-e-type=\"widget\" data-widget_type=\"heading.default\">\n\t\t\t\t<div class=\"elementor-widget-container\">\n\t\t\t\t\t<h4 class=\"elementor-heading-title elementor-size-default\"><a href=\"http:\/\/ecf-formations.fr\/index.php\/mentions-legales\/\">MENTIONS L\u00e9GALES<\/a><\/h4>\t\t\t\t<\/div>\n\t\t\t\t<\/div>\n\t\t\t\t<div class=\"elementor-element elementor-element-2773b7f4 elementor-widget elementor-widget-heading\" data-id=\"2773b7f4\" data-element_type=\"widget\" data-e-type=\"widget\" data-widget_type=\"heading.default\">\n\t\t\t\t<div class=\"elementor-widget-container\">\n\t\t\t\t\t<h4 class=\"elementor-heading-title elementor-size-default\"><a href=\"http:\/\/ecf-formations.fr\/index.php\/conditions-generales-de-vente-ecf-formations\/\">cgv<\/a><\/h4>\t\t\t\t<\/div>\n\t\t\t\t<\/div>\n\t\t\t\t<div class=\"elementor-element elementor-element-65717d19 elementor-widget elementor-widget-heading\" data-id=\"65717d19\" data-element_type=\"widget\" data-e-type=\"widget\" data-widget_type=\"heading.default\">\n\t\t\t\t<div class=\"elementor-widget-container\">\n\t\t\t\t\t<h4 class=\"elementor-heading-title elementor-size-default\"><a href=\"http:\/\/ecf-formations.fr\/index.php\/reglement-interieur\/\">R\u00e8glement int\u00e9rieur<\/a><\/h4>\t\t\t\t<\/div>\n\t\t\t\t<\/div>\n\t\t\t\t<div class=\"elementor-element elementor-element-755d1382 elementor-widget elementor-widget-heading\" data-id=\"755d1382\" data-element_type=\"widget\" data-e-type=\"widget\" data-widget_type=\"heading.default\">\n\t\t\t\t<div class=\"elementor-widget-container\">\n\t\t\t\t\t<h4 class=\"elementor-heading-title elementor-size-default\"><a href=\"http:\/\/ecf-formations.fr\/wp-content\/uploads\/2021\/06\/Registre-Accessibilite-ECF-Formations-2021.pdf\">Registre d'ACCESSIBILIT\u00c9<\/a><\/h4>\t\t\t\t<\/div>\n\t\t\t\t<\/div>\n\t\t\t\t\t<\/div>\n\t\t<\/div>\n\t\t\t\t\t<\/div>\n\t\t<\/section>\n\t\t\t\t<\/div>\n\t\t","protected":false},"excerpt":{"rendered":"<p>1. IdentificationLe site http:\/\/ecf-formations.fr\/ est \u00e9dit\u00e9 par la SARL ECF FORMATIONS, \u2022 Le Directeur de la publication est Louis de La Rochefoucauld, Responsable de la Communication de la F\u00e9d\u00e9ration ECF.\u2022 L\u2019h\u00e9bergement du site d\u2019ECF FORMATIONS est assur\u00e9 par la soci\u00e9t\u00e9 OVH : SAS au capital de 10 000 000 \u20ac &#8211; RCS Roubaix \u2013 Tourcoing [&hellip;]<\/p>\n","protected":false},"author":1,"featured_media":0,"parent":0,"menu_order":0,"comment_status":"closed","ping_status":"closed","template":"","meta":{"footnotes":""},"class_list":["post-1475","page","type-page","status-publish","hentry"],"_links":{"self":[{"href":"https:\/\/ecf-formations.fr\/index.php\/wp-json\/wp\/v2\/pages\/1475","targetHints":{"allow":["GET"]}}],"collection":[{"href":"https:\/\/ecf-formations.fr\/index.php\/wp-json\/wp\/v2\/pages"}],"about":[{"href":"https:\/\/ecf-formations.fr\/index.php\/wp-json\/wp\/v2\/types\/page"}],"author":[{"embeddable":true,"href":"https:\/\/ecf-formations.fr\/index.php\/wp-json\/wp\/v2\/users\/1"}],"replies":[{"embeddable":true,"href":"https:\/\/ecf-formations.fr\/index.php\/wp-json\/wp\/v2\/comments?post=1475"}],"version-history":[{"count":9,"href":"https:\/\/ecf-formations.fr\/index.php\/wp-json\/wp\/v2\/pages\/1475\/revisions"}],"predecessor-version":[{"id":9758,"href":"https:\/\/ecf-formations.fr\/index.php\/wp-json\/wp\/v2\/pages\/1475\/revisions\/9758"}],"wp:attachment":[{"href":"https:\/\/ecf-formations.fr\/index.php\/wp-json\/wp\/v2\/media?parent=1475"}],"curies":[{"name":"wp","href":"https:\/\/api.w.org\/{rel}","templated":true}]}}